- u - (-3)/(-1)?
False
Suppose 5*g - 8141 = -l, 112*g + 3*l = 107*g + 8123. Does 3 divide g?
False
Suppose 480 = 35*r - 150. Suppose -r*c = -c - 31008. Is c a multiple of 18?
False
Let t(v) = 111*v + 3510. Is t(18) a multiple of 9?
True
Let z(w) = 2*w - 12. Let j be z(-10). Let r = 34 + j. Is 8 a factor of 18 + (-4*3/6)/r?
False
Let l = 41579 - 13599. Does 20 divide l?
True
Let f be (11*-25 + 1)/((-4)/2). Let i = f - 133. Suppose -i*z = -62 - 2. Does 5 divide z?
False
Let i be 43068/(-48) - 15/20. Let f = i - -1620. Does 17 divide f?
False
Does 75 divide (-24)/6*(-5 - (-9325)/(-10))?
True
Let w be -14 + 19 + -2*1. Suppose -3 = -6*l + w*l, -3*b = 3*l - 813. Is 18 a factor of b?
True
Let w = 83 + -83. Suppose 2*j + w*n - 561 = -n, 5*n = -5*j + 1390. Suppose -4*f + j + 133 = 0. Does 12 divide f?
False
Let b = -15051 - -25191. Is 156 a factor of b?
True
Let k be 3/(-5)*(-230)/23. Suppose -3*a + 2*s = -159, 0 = -5*a - 2*s + k*s + 265. Suppose 0 = 4*d - 16, -a = -3*y - 2*d + 3*d. Is 4 a factor of y?
False
Suppose 0 = -63*h + 125*h - 164920. Is 20 a factor of h?
True
Let m = 210 - 204. Suppose -7*n - 457 = -z - m*n, 5*n + 1831 = 4*z. Is z a multiple of 11?
False
Let z be 0*(0 - 5)/(-5) + 2. Is 2 + (360/54)/(z/123) a multiple of 44?
False
Let q be -1 + 3 + (4 - 1). Suppose 5*v - 2*v = -q*h + 699, -4*h + v + 549 = 0. Is 3 a factor of h?
True
Suppose k - 2*f + 6*f - 142 = 0, 3*f + 511 = 4*k. Is k a multiple of 65?
True
Suppose -36*x + 45*x = -45. Let j = x + 9. Suppose -4*z + g = j*g - 67, g = -2*z + 35. Is z a multiple of 8?
False
Suppose -318*u = -335*u + 300254. Is u a multiple of 4?
False
Suppose 0 = 31*k + 20*k - 1934598 + 152250. Is 11 a factor of k?
False
Suppose 3*i = -a + 41589, -2127*a = -2122*a + 4*i - 207868. Does 12 divide a?
True
Is ((-324)/(-216))/(2/324) a multiple of 3?
True
Let z be 22/6 + 6/18. Suppose -2*g - 21 = -h - 0, 5*h = -4*g + 119. Let l = z + h. Is 22 a factor of l?
False
Suppose -d + 10 = 4*u - 3*d, 5*u = -3*d + 18. Suppose 2*o - 700 = -u*o. Let k = o + 22. Does 27 divide k?
True
Let g be 15/(-1)*4/((-12)/9). Let f = g - 43. Let p = 45 + f. Is 8 a factor of p?
False
Let i = 53660 + -34666. Is i a multiple of 40?
False
Let z(p) = 115*p**2 + 144*p + 541. Does 19 divide z(-4)?
True
Let d(x) = x**3 - 17*x**2 - 38*x - 9. Let l be (-1)/(4/38)*(123 - 125). Let u be d(l). Is -2 - (-48)/u*(-63)/12 a multiple of 26?
True
Suppose -4*x + 9572 = 4*a, -3*x + 2183 = a - 4994. Is x a multiple of 92?
True
Suppose -14 = -p - 0*h - h, 4*p = 4*h + 64. Let f be p/(-6)*(-6 - -4). Suppose 0 = -r - 2*g + 14, 2*g = 7*g - f. Is 4 a factor of r?
True
Suppose 0 = -29*c + 59*c + 60*c - 60300. Is 4 a factor of c?
False
Let v be 1/10*-4*-325. Suppose v - 526 = -6*d. Is 2 a factor of d?
True
Let y = 1017 - -1403. Let o = y + -1676. Is 44 a factor of o?
False
Let n = 5 - 2. Suppose 5*j = n*w + 2, 2*w - 3*j = w + 6. Let b(y) = -y**3 - 6*y**2 + 19*y + 10. Is 12 a factor of b(w)?
False
Let n(t) = -475*t - 269. Let q be n(-9). Suppose 5*m - 3*y - q = 0, 5*y - 3471 - 519 = -5*m. Does 20 divide m?
True
Suppose -4*n + 3*n = 0. Let q be (-2 + n)*(-159)/6. Let u = q - 47. Does 3 divide u?
True
Suppose 2*w = -1 + 3. Let q = w - -4. Suppose -5*k + 300 = q*k. Does 15 divide k?
True
Let y(g) = 8*g**3 + 18*g**2 + 27*g - 221. Is y(8) a multiple of 49?
True
Suppose -4584*x + 3774 = -4578*x. Is x a multiple of 40?
False
Let f(r) = -r**2 - 12*r - 34. Let k be f(-6). Let z be (-63)/(-18) + (-1)/k. Suppose z*g = -5 - 4, 5*h - 719 = 3*g. Does 36 divide h?
False
Let a = -1513 + 2367. Is 14 a factor of a?
True
Let y be (-15)/((-9)/3)*14/2. Suppose 2 = u, y - 736 = -3*s + 5*u. Is s a multiple of 19?
False
Let q(g) = 8*g**2 - 5*g - 6. Let i(l) = -24*l**2 + 16*l + 18. Let j(y) = 5*i(y) + 16*q(y). Is 8 a factor of j(3)?
False
Suppose -s - v + 3989 + 1327 = 0, -10620 = -2*s + 2*v. Is s a multiple of 23?
True
Let s = 178 - 252. Let r = s + 77. Suppose -t + 152 = -r*w + 5*w, -3*t = -w + 76. Is w a multiple of 38?
True
Let y be 15/(-7) + (-205)/35 + 6. Is 29 a factor of (2 - 4) + y - -178?
True
Let z = -27075 - -31903. Is 34 a factor of z?
True
Let l = -1136 - -2434. Is 22 a factor of l?
True
Suppose -d + v - 88 = 4*v, 2*v - 352 = 4*d. Let z = d - -248. Is 32 a factor of z?
True
Suppose -3*v - 4*n = -27588, 43*v - 37*v = -3*n + 55206. Is v a multiple of 84?
False
Is (-39123460)/(-2720) + (-3)/(-8) a multiple of 6?
False
Let w(z) = 7*z**2 - 8*z + 3. Let u(j) = 13*j**2 - 15*j + 7. Let v(f) = 6*u(f) - 11*w(f). Let m be v(3). Suppose -m*p = -16*p + 992. Is 42 a factor of p?
False
Let t(z) = -1907*z. Is t(-1) a multiple of 110?
False
Let m(f) = -12*f**3 - 12*f**2 - 80*f + 204. Does 16 divide m(-11)?
False
Let i(a) = 20*a - 25105*a**2 - 52 + 19 + a**3 + 25086*a**2. Does 3 divide i(18)?
True
Suppose 895 + 575 = 14*q. Suppose -3*l = -3*t - q, -2*t = t - 12. Is 11 a factor of l?
False
Suppose 0 = -s - 2, 4*l + 1532 - 7512 = -2*s. Is (l/110)/((-1)/(-15)) a multiple of 35?
False
Let h = -1460 + 732. Let m = -374 - h. Is 59 a factor of m?
True
Let y = -201 - -529. Suppose -2*k - 5*s + y = 0, -4*k - 5*s = k - 835. Does 28 divide k?
False
Suppose -o + c + 11720 = 0, -37*c = -4*o - 36*c + 46862. Is o a multiple of 31?
False
Let m = 51085 + -15325. Is 24 a factor of m?
True
Let n(l) = 7*l**2 - 68*l - 5. Let d be n(10). Suppose -980 = -3*r - 2*r - 4*i, -3*i = -d. Is r a multiple of 8?
True
Suppose 0 = 13*h - 11*h + h - 7128. Does 24 divide h?
True
Is (3 + -36 - 3)/(6/(-315)) a multiple of 54?
True
Let r(q) be the first derivative of 7*q**5/60 - q**3/2 - 14*q**2 - 19. Let v(o) be the second derivative of r(o). Is 47 a factor of v(3)?
False
Let q = 2433 + -1706. Let c = -547 + q. Does 5 divide c?
True
Let o be 1218/77 + 4/22. Suppose 126 = o*j - 2*j. Is 2 a factor of j?
False
Let a(q) = 2*q - 23*q**2 + 0 + 1 + 24*q**2. Let j be a(-1). Suppose -4*v - 5*f - 7 = -j*v, 3*f = 2*v - 13. Is v a multiple of 2?
True
Let w = 6936 - -5406. Does 12 divide w?
False
Let s = 110 - -404. Suppose m + 2*t + s - 1302 = 0, 4*t = -4. Is 10 a factor of m?
True
Let j(p) = -p**3 + 44*p**2 + 72*p - 1036. Does 56 divide j(38)?
False
Let r(l) be the first derivative of -3*l**4/2 + 8*l**3/3 + 5*l**2/2 + l + 46. Is r(-2) a multiple of 71?
True
Suppose 4*g - 4*x = -2*x + 2, -3*x = -g + 8. Let a be (g/1)/(-3*3/81). Is 18 a factor of a/24 + (-7035)/(-56)?
True
Let y = -2846 - -3391. Does 4 divide y?
False
Let d = -7 + -361. Let j = d + 641. Does 21 divide j?
True
Let a = -2317 - -2323. Let u(v) = 2*v**2 - 23*v + 9. Let h(d) = -2*d**2 + 23*d - 9. Let w(s) = 6*h(s) + 5*u(s). Is w(a) a multiple of 43?
False
Let m(b) = 11*b**3 + 9*b**2 + 193*b + 5. Is m(15) a multiple of 29?
True
Let n = -1591 + 3018. Does 3 divide n?
False
Suppose -k = 131 + 91. Let b = k - -397. Is 35 a factor of b?
True
Let r(z) = 17*z + 50 + 85 - 8 + 8 - 10*z. Is r(12) a multiple of 13?
False
Let y(k) = -k**3 - 28*k**2 - 171*k + 53. Is y(-22) a multiple of 47?
False
Suppose -27853 = -7*l - 17*y + 21*y, 0 = 5*l - 2*y - 19889. Is 2 a factor of l?
False
Let c = 10155 - -531. Is c a multiple of 39?
True
Suppose 4010*m - 101673 = 3997*m. Does 64 divide m?
False
Let c(q) = -36*q - 6. Let u be c(7). Let n be u/15 - 1/(-5). Let d = n - -59. Is d a multiple of 14?
True
Suppose 3*q = -3*b + 588, -3*b - 2*q + 584 = -q. Suppose 6*h - 52 = b. Suppose -5*w = -5*k + 400, h = k - 4*w - 27. Is k a multiple of 21?
True
Let p(b) = b**3 + 6*b**2 - 5. Let g be p(-6). Let u(x) = -2*x**3 - 7*x**2 - 8*x - 7. Let t be u(g). Let a = -62 + t. Does 15 divide a?
False
Let s = 10856 - 3674. Is 19 a factor of s?
True
Let g be (4/32)/(2/(-4))*0. Suppose 5*n - 5*y - 1365 = 0, g = -8*y + 4*y - 4. Does 16 divide n?
True
Suppose -12*q - 22*q = -95744. Suppose -4*a + 4*v + q = -0*v, 5*a - 3480 = -3*v. Is a a multiple of 51?
False
Suppose 0*k = 6*k + 42. Does 28 divide (k - -3) + (-6 - -239)?
False
Suppose 103*m - 610122 - 273954 = 545873. Is 19 a factor of m?
False
Suppose -51 = 31*o - 144. Let f = -228 - -569. Does 18 divide (-3)/(-6)*(o + -2 + f)?
False
Suppose 4*j - 3*f = 205, -2*f = -2*j + 2*f + 100. Let v(p) = p**3 - 4*p**2 - 8*p - 13. Let t be v(6). Let h = j + t. Is 21 a factor of h?
True
Let u(h) = 28*h - 12. Let d be 1/((-1 - 1)/(3 - 7)). Is 5 a factor of u(d)?
False
Let m = 152 + -150. Suppos